or of c and h?
12
Suppose 0 = -l + 2*l - 5*m + 10, 3*l + 2*m = 38. Let k = l - 7. Calculate the greatest common factor of 24 and k.
3
Let x be (-6)/(-3 + 18/4). Let n be 6/2*x/(-3). Suppose -3*c = 3*b - 143 - 259, -2*c = -n*b - 256. What is the greatest common factor of 12 and c?
12
Suppose 4*a - 54 = a. Let n(q) = q + 3*q + q + 1. Let p be n(1). What is the greatest common divisor of p and a?
6
Suppose 4*q - q + 3 = 0. Let s be (2/(-3))/(q/66). What is the greatest common divisor of s and 4?
4
Let c(s) = s**2 + 11*s + 16. Let o be c(-12). What is the greatest common divisor of o and 84?
28
Let b be 6/4 + (-1560)/(-16). Calculate the highest common factor of 66 and b.
33
Let g be 1/(3/(-12)) + (4 - -10). Calculate the greatest common divisor of g and 10.
10
Suppose 5*r + 1 = 2*o, 2*r = -2*o - 2 + 10. Let b = o + 2. Calculate the highest common divisor of b and 10.
5
Let h be ((-8)/(-5))/((-1)/(-5)). Let u be (-1)/(-3 + (-102)/(-33)). Let g = u - -15. What is the highest common factor of g and h?
4
Let w = 44 - 22. Calculate the highest common divisor of w and 33.
11
Let x(q) be the first derivative of -1/2*q**2 + 4 + 16*q. Let i be x(0). What is the highest common factor of i and 32?
16
Suppose b + 2*r - 16 = 0, -2*b - r + 20 + 0 = 0. Let z be (b/4)/((-2)/(-13)). Suppose 0 = -0*i - i + z. Calculate the highest common factor of 52 and i.
13
Let o = 10 + 2. Calculate the greatest common factor of 204 and o.
12
Suppose 0 = 2*o - 0 - 44. Let f = 143 + o. What is the greatest common divisor of 15 and f?
15
Let z be 1/(((-2)/(-1))/(-2)). Let x be z + 3 - 0 - -2. Calculate the highest common factor of x and 36.
4
Let x be 2*2/(4/3). Let c = 11 - x. Calculate the highest common divisor of 88 and c.
8
Suppose 5*p + 6*b - 71 = 2*b, 4*b + 34 = 2*p. Let h = -2 + 17. Suppose y - 6*y + h = 0. Calculate the highest common divisor of p and y.
3
Let v = -97 - -169. Calculate the greatest common factor of v and 9.
9
Let a(i) = -i**3 + 4*i**2 + i - 2. Let y be a(4). Let b = 12 - 0. Let p be (21/b)/((-1)/(-8)). What is the highest common divisor of y and p?
2
Suppose 40 + 88 = 4*w. Suppose -4*h = -2*h - w. What is the greatest common factor of 64 and h?
16
Let h(d) = d - 2 - 2 - 2. Let r be h(6). Suppose r + 4 = 2*j. Calculate the greatest common divisor of 10 and j.
2
Suppose -p - 5*o + 41 = 0, 3*p = -0*p + 4*o + 47. Let k = 50 - p. What is the greatest common factor of k and 87?
29
Suppose -3*i = -8*i + 15. Let f be (-94)/(-8) + i/12. Suppose -38*x + 39*x = 36. Calculate the highest common divisor of f and x.
12
Let k = -5 + 13. Let p = -16 - -1. Let y = p - -31. Calculate the highest common divisor of y and k.
8
Suppose -3*v + 10 = -86. Suppose 0 = -5*g + 4*l + 52, -2*l = 4*g - 5*g + 14. What is the highest common divisor of v and g?
8
Let q be (3/(-5))/(4/(-20)). Suppose 2 = q*r - 4. Suppose r*w + 2*w = 60. Calculate the greatest common divisor of w and 10.
5
Let w(d) = -2*d**3 - 3*d**2 + 6*d + 7. Let h be w(-5). What is the greatest common factor of h and 38?
38
Suppose -2*u - 2*u = -64. What is the highest common factor of 8 and u?
8
Let u(t) = -2*t - 4. Let i be u(-11). What is the highest common factor of 54 and i?
18
Suppose 0 = -n, 4*g + g + 30 = 4*n. Let z = g + 6. Suppose 0 = 4*k + 8, -l + k + 44 = -z*l. Calculate the greatest common divisor of l and 63.
21
Suppose -294 = -i - 2*i + l, -5*i + 3*l + 486 = 0. What is the highest common divisor of 9 and i?
9
Suppose -i + 70 = -2*r, -4*i - 5*r - 126 = -471. Suppose 2*m + 3*j - 88 = -3*m, -j = 2*m - 36. Calculate the highest common divisor of i and m.
20
Let q(y) = -y**3 + 10*y**2 + y + 12. Let z be q(10). What is the greatest common factor of z and 33?
11
Suppose 108*y - 109*y = -28. What is the greatest common factor of y and 140?
28
Suppose 26 = q - 0*q. Let o(l) = l**2 + 4. Let k be o(0). Suppose 22 + q = k*s. Calculate the highest common factor of s and 96.
12
Let t(q) = 5 - 3*q**2 + 0*q**2 + 3*q**2 + q**2. Let i be t(-5). Calculate the highest common factor of 12 and i.
6
Let g(f) = f + 9. Suppose -2*o + 4*o - 8 = 0. Let i = -3 - o. Let h be g(i). Calculate the highest common divisor of 16 and h.
2
Let k(n) = -n**3 - 5*n**2 - 4*n. Let p be k(-7). Calculate the highest common divisor of p and 14.
14
Let j be 2 - (0 + 2 + -576). Suppose -4*d + 0*d = -j. Calculate the highest common divisor of 18 and d.
18
Let z be ((-9)/(-6))/((-3)/(-36)). Calculate the highest common divisor of z and 144.
18
Let z(h) = -13*h - 5. Let x be z(-5). Suppose 0*d - x = -2*d. Calculate the highest common divisor of 12 and d.
6
Let m be (-2)/10*(16 - 131). What is the greatest common divisor of 115 and m?
23
Let k(p) = 3*p + 67. Let f be k(-19). Calculate the highest common factor of f and 55.
5
Let n = 10 - -24. Suppose -4*a + n = -22. Let u be 2*(-14)/(-1 + -1). What is the highest common divisor of a and u?
14
Let m(g) = -3*g - 13. Let v be m(-6). Calculate the highest common factor of v and 45.
5
Suppose -124 = -2*p + 5*q + 307, -2*p + 381 = 5*q. What is the greatest common factor of p and 29?
29
Suppose -12*c = -7*c - 65. What is the greatest common divisor of c and 117?
13
Let m = 158 - 78. Suppose -4*y + 50 = 3*c, 4*y + y = 25. What is the highest common factor of c and m?
10
Let v(d) = -9*d**3 - 7*d**2 + 4. Let o be v(-3). What is the greatest common factor of o and 46?
46
Let i = 2 - 1. Suppose 3*l + 2*j - 36 = 0, 5*l - 4*j - 37 = i. Let k = -2 + l. Calculate the greatest common divisor of k and 16.
8
Suppose -5*o - 235 = -2*v, 3*o = 3*v + v - 491. What is the greatest common factor of v and 50?
25
Let o(a) = 3*a**2. Let h be o(-2). Calculate the highest common divisor of h and 84.
12
Let l = 211 - 139. Calculate the highest common factor of 72 and l.
72
Suppose 11*p - 110 = p. Calculate the highest common factor of 11 and p.
11
Let g = -3 + 7. Let a be g/10 - (-138)/5. Let u(t) = 5*t**2 - t. Let y be u(3). What is the highest common factor of y and a?
14
Let n = 92 - 84. What is the highest common factor of n and 136?
8
Let o = -5 + 115. What is the highest common factor of 10 and o?
10
Let l be -1*61 + 0 + 2. Let g = l + 617. Suppose 322 = 5*r - g. Calculate the highest common divisor of 16 and r.
16
Let i be (6/4)/((-6)/(-16)). Suppose 0 = -5*k - i*s + 198, -s + 18 = 5*k - 189. Let g = -16 - -30. What is the highest common factor of k and g?
14
Let i = 11 + 10. What is the greatest common factor of i and 21?
21
Let k = 3 - -4. What is the highest common factor of k and 14?
7
Let o(p) = p + 41. Let d be o(-20). Calculate the greatest common factor of 3 and d.
3
Let p be (1*-20)/(-1) + -2. Let x(m) be the first derivative of -m**2 + 4*m - 4. Let y be x(-7). What is the greatest common factor of y and p?
18
Let o(x) = -x**3 - 6*x**2 + 2*x - 7. Let a be o(-7). Suppose -5*h + 19 + 1 = 0. Calculate the greatest common divisor of h and a.
4
Suppose 0 = 4*b + 3*b - 126. Suppose -3*a = 75 - 210. What is the greatest common divisor of a and b?
9
Let p be (-18)/4*(-12)/27. Suppose -2*i = -5*d + 3*d - 20, -p*i = 3*d. Suppose -1 = -h, h - 2*h = -5*v + 9. Calculate the highest common divisor of i and v.
2
Suppose -6*m + 13*m = 231. Suppose 4*j + 2*x = -j - 51, -46 = 4*j - x. Let h be -5*(-4)/(-10)*j. What is the greatest common factor of m and h?
11
Suppose -4*j + 9*j - 90 = 0. Suppose -3*u + p + 3*p = 65, 4*p - 27 = u. Let k = u - -31. Calculate the highest common factor of j and k.
6
Let g(c) = 2*c - 18. Let l be g(16). What is the highest common factor of 126 and l?
14
Let f(z) = -z**2 - z + 6. Let p be f(0). Suppose w + 8*a - 53 = 3*a, 5*w - 3*a - 237 = 0. Calculate the greatest common divisor of p and w.
6
Let s(v) = -3*v**3 + 0 + 2 + v**3 + 3*v**3 - 9*v + 7*v**2. Let a be s(-8). Calculate the highest common factor of 50 and a.
10
Let v be (-385)/(-7)*(8/(-5))/(-1). Calculate the greatest common factor of v and 8.
8
Suppose -3*m - 80 = -4*m. What is the highest common divisor of m and 16?
16
Let t = 8 + -8. Suppose p - 4 = t, 0 = d - 3*d - 5*p + 26. Suppose 4*r = -5*f + 29, 3*r = -d*f + 2*f - 3. Calculate the greatest common factor of f and 72.
9
Let r = -18 + 9. Let s be (6/r)/((-1)/33). Suppose 3*b = 5*b - 4. What is the highest common factor of s and b?
2
Let k be 276/14 - 6/(-21). Let w(y) = y**3 + 9*y**2 - 12*y -